- 4*k + 57. Let u be p(h). Calculate the highest common factor of u and 60.
12
Let n = 22 - 13. Let w be -21*(-3)/(n/4). Suppose o + 999 = 4*d, -5*d - 459 + 1674 = -5*o. What is the greatest common factor of w and d?
28
Let v be (4/(-3))/(1/(-30)). Suppose -2*j = 2*j - v. Let m = -7454071 - -7454141. What is the highest common factor of j and m?
10
Let z = -170 - -186. Let x be -200*-2*4/z. What is the highest common factor of 75 and x?
25
Let a be (5136/(-32) - -19)*-6. Calculate the highest common divisor of a and 10471.
283
Let w = -8 - -5. Let d be (-1 - -51)/2 - w. Let u be (4 + -116)*(0 + -1). Calculate the greatest common factor of u and d.
28
Suppose 2*x + 3201 = 3*p, -3*p - 4*x - 2142 = -5*p. Suppose p*w - 1056*w - 2997 = 0. Calculate the greatest common divisor of w and 9.
9
Suppose -24*v + 513 = -3*v + 6*v. Calculate the greatest common divisor of v and 5149.
19
Let l be (-1425)/(-171)*(-36)/(-5). Suppose 4*j - 457 = 503. What is the highest common factor of l and j?
60
Let x = 3662 + -3280. Calculate the greatest common divisor of 24257 and x.
191
Let l = -1107 + 1168. Let z be (723/(-482))/(-1 - l/(-64)). Let o be (-2)/2 + (-706)/(-2). What is the highest common divisor of z and o?
32
Let q(y) = -54*y - 90. Let o be q(-16). Calculate the greatest common divisor of 86 and o.
86
Let n(y) = 7*y**2 + 66*y + 17. Let q be n(-10). Suppose -2*u + 58*i + 84 = q*i, -5*i = 2*u - 84. What is the greatest common divisor of u and 168?
42
Let o = 4 - -1. Let k(t) = 134*t**2 + t - 1. Let f be k(-1). Suppose 129*h + 165 = f*h. What is the greatest common factor of h and o?
5
Let r = -7 + 10. Suppose 12745 = 621*y - 2159. Calculate the highest common divisor of r and y.
3
Suppose -10*k + 5*k - 15 = 0. Let c be k/((-6)/(-15)*18/(-12)). Suppose 3*v - z - 4 = 0, -c = 3*v - 7*v + z. Calculate the greatest common divisor of v and 11.
1
Let x = 34 + -32. Suppose 0 = x*v + 1 - 603. Let k(b) = b**2 - 5*b + 19. Let g be k(8). Calculate the greatest common divisor of g and v.
43
Suppose 1321824 = 74*i - 25*i. What is the greatest common factor of 12 and i?
12
Suppose -5*g = 10, -43*p + 45*p = 4*g + 152. Calculate the highest common factor of p and 2904.
24
Let z(q) = -q**3 - 4*q**2 + 16*q - 5. Let b be z(-7). Calculate the highest common factor of 198 and b.
6
Suppose z + 115 = 5*r - 3*z, -4*r - 4*z + 128 = 0. Suppose -3*c - 3*n = -96, -n + 27 = 4*c - 86. What is the greatest common factor of r and c?
27
Suppose 0 = 9*m - 3*m + 14976. Let z be (m/1)/(-6) + 0. Calculate the highest common divisor of 13 and z.
13
Suppose -51 = -3*k + 39. Suppose 0 = 189*f - 88*f - 62115. What is the highest common divisor of k and f?
15
Let g be 7/(147/(-6)) + (-33740)/(-98). What is the greatest common factor of 40 and g?
8
Suppose -g + 6*g = -450. Let p = 234 - 235. Let o be (44 - p)*(-9)/(g/8). What is the highest common divisor of 12 and o?
12
Let t be (-271 + 311)/((-2)/6 + 1). Let o(c) = 60*c**2. Let h be o(3). Calculate the highest common factor of h and t.
60
Let b be -4*(-4)/(-16) + 230/(-1). Let q be (-60)/21*b/6. Let w = 154 - q. Calculate the greatest common factor of 66 and w.
22
Let f be 3440 - 16 - (22 + -1)/3. Calculate the highest common factor of f and 134.
67
Let i(j) = -17*j - 7. Let z(l) = 16*l + 8. Let m(f) = -3*i(f) - 4*z(f). Let g = 9 - 16. Let d be m(g). What is the highest common divisor of d and 8?
8
Let i be 2/(-10) + 132/60. Suppose -790 = 5*v - v - i*u, -4*u + 180 = -v. Let o = v - -343. What is the greatest common factor of o and 13?
13
Let y(v) = v**2 + 9*v + 13. Let i be y(-7). Let x be (i + 31)*(6/(-15))/(-1). Let s = 243 + -123. What is the greatest common factor of s and x?
12
Suppose -3*f + 25 = -3*o + 148, 4*f = o - 20. What is the greatest common factor of 464 and o?
16
Suppose -84680 = -110*d + 70*d. Calculate the highest common divisor of d and 29.
29
Let t(u) = u**3 + 9*u**2 - 4*u - 19. Let p be t(-7). Suppose 18*o = 5*k + 13*o - 260, -p = -2*k + o. What is the highest common factor of 22 and k?
11
Let v be (-78)/(-14) - (-48)/(-84). Suppose v*o = x + 205, o - 2*x = 9 + 23. What is the highest common factor of 378 and o?
42
Suppose 23 = 15*g - 2722. Calculate the greatest common factor of g and 24.
3
Suppose -48*y = -96*y + 192. Calculate the greatest common factor of y and 113.
1
Let p = 644 + -645. Let g be (492/4)/((-3 - p)/(-2)). Calculate the greatest common divisor of 41 and g.
41
Suppose 2*t - 9546 = -658*n + 654*n, -2*t - 11919 = -5*n. Calculate the highest common factor of 45 and n.
45
Let a be ((-213)/(-2))/(12/88) + -1. Calculate the greatest common factor of 1 and a.
1
Let j be 4*(-3)/2 + 58. Suppose -6*h + 74 = -j. What is the greatest common factor of 42 and h?
21
Suppose 5*r - 27675 = -4*o, -89*o - 3*r + 48437 = -82*o. What is the highest common factor of 10 and o?
10
Let c = -12 - -62. Let r = -1019 - -1010. Let v(b) = -3*b**2 - 32*b - 20. Let o be v(r). What is the greatest common divisor of o and c?
25
Suppose 16 = a - 2*r, 0 = a + 4*r - 17 - 29. Let o(s) = 133*s - 7. Let t be o(11). Let w be -3*(t/6)/(-7). What is the highest common factor of w and a?
26
Suppose 0 = -2*s + g + 279, 0*g - 705 = -5*s + 5*g. Let d be (-4)/((0 - 4)*1*(-1)/(-6)). Calculate the highest common factor of s and d.
6
Let l = 73 + -72. Let j be l - (1 + 2 + -49). Let g = 132 - -9. Calculate the highest common divisor of j and g.
47
Let y be (-15)/2*(-1672)/(-95). Let x = y + 159. Calculate the highest common divisor of 216 and x.
27
Let h = 353 + -289. What is the greatest common factor of h and 296?
8
Suppose 4*o + 3*m - 5844 = 0, -5*o + 4*m + 7503 = 229. Let n = o + -774. Calculate the highest common divisor of n and 18.
18
Let j(c) = 77*c - 629. Let q be j(16). Calculate the highest common factor of 99 and q.
9
Suppose s + 4 = 6. Let r = -114 - -119. Suppose 8*i - r - 3 = 0. What is the highest common divisor of s and i?
1
Let w be (24 + -26)*-10*4. What is the greatest common divisor of w and 39?
1
Let t be (7 + (-480)/25)*-85. What is the greatest common factor of 61 and t?
61
Let u be 24 + (-1 - -2) - (-53 + 1300/26). What is the greatest common divisor of 448 and u?
28
Let u(r) = 3*r**2 - 84*r - 3786. Let b be u(87). What is the highest common factor of b and 237?
237
Let v(l) = -71*l + 11*l + 25*l - 98. Let t be v(-10). Calculate the highest common factor of t and 12.
12
Let g be 0 + (-120)/(-5) + -4. Suppose 0*l - 3*m = l - 19, -3*l + 3*m = -81. What is the highest common divisor of l and g?
5
Let w(h) = 46*h**3 + 6*h**2 - 3*h - 2. Let y = 10 - 9. Let g be w(y). Calculate the highest common factor of g and 141.
47
Let f(l) = 3*l**2 - 420*l + 1515. Let v be f(137). What is the greatest common factor of v and 7144?
94
Let v(x) be the first derivative of -x**4/4 - 4*x**3 + 15*x + 22. Let z be v(-12). Suppose 9*m - 177 = -z. Calculate the highest common factor of m and 36.
18
Suppose -19656 = 7*i - 49*i. Let q(s) = -s**2 + 21*s - 16. Let t be q(17). Calculate the greatest common factor of t and i.
52
Let b = 67 + -76. Let y be (12/b)/(8 + 12484/(-1560)). Calculate the highest common factor of 65 and y.
65
Let k(p) = 5*p**2 + 211*p + 25. Let y be k(-90). Calculate the greatest common divisor of y and 73.
73
Let u be 3/6*((-2)/(-4) + 5665/22). Calculate the highest common divisor of 1849 and u.
43
Let w(z) = -z**3 + z**2 - 6*z + 26. Let t be ((4 - -1) + -5)/(-1). Let s be w(t). Calculate the highest common factor of s and 598.
26
Let g be (-4*76/(-40))/(2/10). Let m = -9 + g. Suppose o - m + 4 = 0. Calculate the greatest common factor of 125 and o.
25
Suppose 4*c - 5*i = -0*i + 9436, 0 = -4*c + 2*i + 9424. What is the greatest common factor of 154 and c?
22
Suppose 5*g - 6487 = 18*g. Let t = g + 569. What is the greatest common factor of 80 and t?
10
Suppose -8*x = -18*x - f + 595402, 59581 = x - 5*f. Calculate the greatest common divisor of 89 and x.
89
Suppose 2*i - h = 105, 2*i = 2*h + 69 + 37. Suppose 7*a + 2160 = i*a. What is the highest common factor of a and 240?
48
Let a(k) = k**3 + 12*k**2 - 2*k + 81. Suppose 0 = -37*s + 39*s + 24. Let f be a(s). What is the highest common divisor of f and 42?
21
Let g = 58 + -41. Suppose -18*n = -19*n + g. Suppose n*z = 14*z + 24. Calculate the highest common factor of z and 2.
2
Let z = -1910